4387216?
False
Is 4378 a factor of 1748962842?
True
Does 21 divide 8798076?
True
Is 21 a factor of 4011000?
True
Is 830272192 a multiple of 566?
True
Does 950 divide 74092400?
True
Is 270391540 a multiple of 24?
False
Is 1059210439 a multiple of 241?
False
Is 10142 a factor of 216236307?
False
Does 1248 divide 131138274?
False
Is 5346630175 a multiple of 14?
False
Is 720 a factor of 1710436320?
True
Does 32 divide 687006688?
True
Does 13 divide 629267640?
False
Is 1079963696 a multiple of 14?
True
Is 2029 a factor of 3246015536?
False
Does 40 divide 89545280?
True
Is 745 a factor of 1543561775?
True
Does 214 divide 35218057?
False
Is 698 a factor of 948029?
False
Is 22441804 a multiple of 575?
False
Is 2308 a factor of 129266553?
False
Is 105 a factor of 133824226?
False
Is 6 a factor of 134864079?
False
Is 148831892 a multiple of 1034?
True
Does 628 divide 99563629?
False
Is 596938844 a multiple of 13?
False
Is 547 a factor of 473884751?
False
Is 1334 a factor of 12885446?
False
Is 46604671 a multiple of 4?
False
Is 2999 a factor of 200780443?
False
Is 1654 a factor of 223111803?
False
Does 565 divide 17577150?
True
Does 3570 divide 382182324?
False
Is 12 a factor of 66577692?
True
Is 1092 a factor of 266008518?
False
Does 66 divide 33879186?
True
Is 1608 a factor of 523575602?
False
Is 484999143 a multiple of 71?
False
Is 21 a factor of 680791818?
True
Is 17 a factor of 90019624?
True
Is 193 a factor of 1951476673?
False
Is 19202112 a multiple of 424?
True
Does 94 divide 40260106?
True
Is 530589534 a multiple of 1703?
False
Is 59311499 a multiple of 33?
False
Is 480 a factor of 30913920?
True
Is 1087 a factor of 51185743?
True
Is 2672211612 a multiple of 2728?
False
Is 51151848 a multiple of 68?
False
Is 316 a factor of 899743956?
True
Is 1598174970 a multiple of 687?
True
Is 18941027 a multiple of 32?
False
Is 1609 a factor of 23877723?
False
Is 625097442 a multiple of 6274?
True
Is 1673603365 a multiple of 2781?
False
Is 49 a factor of 51785294?
False
Is 3428 a factor of 461165365?
False
Is 44796672 a multiple of 144?
True
Is 58 a factor of 52973024?
True
Is 15 a factor of 274530?
True
Is 19934600 a multiple of 107?
False
Is 12477403 a multiple of 23?
False
Does 446 divide 574298144?
True
Is 63 a factor of 12889485?
True
Is 1061 a factor of 172305339?
True
Does 78 divide 114595182?
True
Is 27 a factor of 2819505996?
True
Is 7 a factor of 2233073451?
True
Is 16 a factor of 305459024?
True
Is 13 a factor of 9493109?
False
Is 12109268 a multiple of 4?
True
Is 21990637 a multiple of 200?
False
Is 103400826 a multiple of 6?
True
Is 2715662 a multiple of 236?
False
Is 2304 a factor of 107691264?
True
Is 38 a factor of 29981012?
True
Is 1966 a factor of 61128838?
True
Is 142 a factor of 73994701?
False
Is 4005086 a multiple of 1782?
False
Is 24 a factor of 1977550215?
False
Does 143 divide 37157696?
False
Does 82 divide 658789558?
True
Does 5363 divide 912335784?
False
Does 5 divide 39383309?
False
Is 249186295 a multiple of 23?
False
Is 19 a factor of 338795707?
True
Is 5690 a factor of 1479013080?
True
Is 54 a factor of 4585711?
False
Does 28 divide 45344079?
False
Does 1128 divide 3694938?
False
Does 130 divide 439041479?
False
Is 151 a factor of 25890309?
True
Is 108409027 a multiple of 4?
False
Is 4707420 a multiple of 201?
True
Is 131694052 a multiple of 7?
True
Is 93451140 a multiple of 2595?
True
Is 2696 a factor of 4105689479?
False
Does 125 divide 243167750?
True
Is 14 a factor of 5452231?
False
Does 51 divide 280839558?
True
Is 303 a factor of 214590054?
True
Is 13 a factor of 299274145?
False
Does 3 divide 10019073?
True
Is 3043759236 a multiple of 321?
True
Does 1382 divide 256185486?
True
Does 46 divide 684342552?
True
Does 1762 divide 160838884?
True
Is 17668517 a multiple of 206?
False
Does 3 divide 613311066?
True
Is 389848602 a multiple of 286?
True
Is 802896600 a multiple of 165?
True
Is 7 a factor of 6925567?
False
Does 8908 divide 678293092?
False
Does 61 divide 690139299?
True
Is 5755848840 a multiple of 2065?
True
Is 1082216023 a multiple of 402?
False
Is 282762329 a multiple of 67?
False
Does 6 divide 625830324?
True
Is 16501200 a multiple of 10?
True
Is 12 a factor of 2152574316?
True
Does 22 divide 5608246?
False
Is 2352 a factor of 31203984?
True
Is 8494150 a multiple of 2?
True
Is 74844828 a multiple of 2502?
True
Is 4303 a factor of 528292219?
True
Is 79533181 a multiple of 17?
False
Is 114830720 a multiple of 23?
True
Is 14 a factor of 755941046?
True
Is 130 a factor of 490987250?
True
Is 10445524 a multiple of 106?
False
Is 198 a factor of 3547328004?
True
Is 434 a factor of 22758526?
True
Is 29801784 a multiple of 844?
False
Is 1229 a factor of 10729174?
False
Does 548 divide 2519555?
False
Is 20 a factor of 66016246?
False
Is 29 a factor of 263630404?
False
Is 23017769 a multiple of 41?
True
Does 84 divide 7163268?
True
Does 1020 divide 58174680?
True
Is 26 a factor of 304166193?
False
Does 22 divide 1025769832?
False
Is 8695944 a multiple of 1016?
True
Does 75 divide 1063904700?
True
Is 383474 a multiple of 43?
True
Is 35 a factor of 536087965?
True
Does 4413 divide 1891670888?
False
Is 7594041 a multiple of 273?
True
Does 6 divide 9212508?
True
Is 70031577 a multiple of 471?
True
Does 3542 divide 1959215157?
False
Is 6 a factor of 484769?
False
Is 1186942140 a multiple of 1263?
True
Does 4379 divide 866062758?
False
Does 18 divide 200692998?
True
Is 29 a factor of 548029704?
True
Does 1453 divide 6093871?
False
Is 14 a factor of 73810953?
False
Is 763 a factor of 10624575?
False
Is 21540687 a multiple of 26?
False
Does 109 divide 467295971?
True
Does 90 divide 221365080?
True
Does 7 divide 51050353?
False
Is 3209 a factor of 2190013221?
False
Is 1219 a factor of 132650361?
True
Does 10045 divide 6901256530?
True
Is 6955568 a multiple of 16?
True
Is 1684543415 a multiple of 7?
False
Is 109991061 a multiple of 4?
False
Is 89261748 a multiple of 483?
False
Is 3092 a factor of 322221226?
False
Is 240878447 a multiple of 334?
False
Does 3 divide 57813216?
True
Is 1717 a factor of 409951181?
False
Does 514 divide 170219640?
False
Is 20 a factor of 1978060?
True
Does 4139 divide 211147527?
False
Is 65703595 a multiple of 170?
False
Is 21143753 a multiple of 15?
False
Is 552 a factor of 37790350?
False
Is 29041343 a multiple of 505?
False
Is 645784860 a multiple of 670?
True
Is 39 a factor of 122587431?
False
Is 4 a factor of 15772015?
False
Does 2092 divide 951726112?
True
Is 4731 a factor of 1008923598?
True
Is 65545835 a multiple of 62?
False
Is 1702703 a multiple of 32?
False
Does 51 divide 28506363?
False
Is 2772 a factor of 590873976?
True
Is 81916769 a multiple of 11?
True
Is 2335 a factor of 396889119?
False
Is 27949892 a multiple of 3897?
False
Is 19 a factor of 28472678?
True
Is 56 a factor of 63786961?
False
Does 22 divide 220675928?
True
Is 65104640 a multiple of 80?
True
Is 11570805 a multiple of 5?
True
Is 489663679 a multiple of 433?
True
Does 281 divide 86096391?
False
Is 164 a factor of 67017124?
True
Is 479 a factor of 15445772?
False
Is 64649011 a multiple of 2023?
True
Does 509 divide 7132989?
False
Is 16 a factor of 142937027?
False
Does 481 divide 54651701?
True
Is 6 a factor of 11291277?
False
Is 193843567 a multiple of 3?
False
Is 24183879 even?
False
Is 67 a factor of 27230810?
True
Is 3915814 a multiple of 119?
True
Is 421400000 a multiple of 3920?
True
Is 5715 a factor of 3013284656?
False
Is 647436986 a multiple of 287?
True
Is 349 a factor of 469061584?
True
Is 9 a factor of 283938415?
False
Is 89 a factor of 1829105?
False
Is 150 a factor of 506358600?
True
Is 140 a factor of 5774333?
False
Is 10 a factor of 44079280?
True
Is 2537883172 a multiple of 22?
True
Is 9852886 a multiple of 813?
False
Is 142 a factor of 1795143552?
True
Is 534344850 a multiple of 2587?
True
Is 1040651 a multiple of 181?
False
Is 129 a factor of 162960153?
True
Is 2867 a factor of 5356691461?
False
Is 34 a factor of 73615519?
False
Is 206976151 a multiple of 19?
False
Does 35 divide 41294715?
True
Does 301 divide 15674575?
True
Does 430 divide 4461250?
True
Does 24 divide 1820575689?
False
Is 93 a factor of 9126741?
True
Is 1017754385 a multiple of 15?
False
Does 13074 divide 2175701441?
False
Is 314 a factor 